*j - 2. What is the remainder when 14 is divided by i(q)?
2
Let u(k) = -k + 5. Suppose -5*c + 31 = -v, c + v - 4 = 1. Let a be u(c). Calculate the remainder when (219/6)/(a/(-2)) is divided by 19.
16
Let f be 1 - (-4 + 35/5). What is the remainder when (-109)/f + (-5)/10 is divided by 11?
10
Suppose -3*v = -102 - 162. Suppose -5*d = z + 3*z - 71, 2*z + 3*d - 35 = 0. Calculate the remainder when v is divided by z.
12
Suppose 2*a = -o - 47, -3*a - 14 = 1. Let y = -33 - o. What is the remainder when 62 is divided by (2/1)/(y/42)?
20
Suppose -4*m = 7*m + 1045. Let y = -48 - m. Calculate the remainder when y is divided by 25.
22
Let o(c) = -2*c + 12. Let z = -17 + 22. Calculate the remainder when 7 is divided by o(z).
1
Let s be (-4)/10 + (-235)/(-25). Suppose -3*n + 4*n - s = 0. Suppose 76 = -n*o + 13*o. Calculate the remainder when o is divided by 10.
9
What is the remainder when 43 is divided by (-354)/(-9) - ((-40)/15 + 3)?
4
Let p be -2 + 6 + (0 - -8). Suppose y + 279 = f + 2*f, 0 = -3*f + 3*y + 273. Suppose 2*r - p = f. What is the remainder when r is divided by 11?
9
Let f(t) = t**2 + 9*t + 3. Let s be f(-10). Suppose 5*q - 208 = -s. Let o = -21 + 41. Calculate the remainder when q is divided by o.
19
What is the remainder when 65 - 7 - (8/2 - 4) is divided by 15?
13
Let i be 3*(-1 - -2)*-1. Suppose 4*v + 27*j - 31*j - 72 = 0, -25 = 5*j. Calculate the remainder when v is divided by 2/i*(-14 + 2).
5
Let a = -241 - -371. Suppose 4*h - 612 = -47*h. Calculate the remainder when a is divided by h.
10
Suppose -4*c = 5*l - 287, 5*l - 4*c - 208 = l. What is the remainder when l is divided by 14?
13
Let h(l) = 21*l - 22. Let z be h(10). Suppose -4*p = -6*p + z. What is the remainder when p is divided by 49?
45
Let y be 74/(-3)*6/(-4). Suppose 2 = -c - 1, n - c = y. Calculate the remainder when n is divided by 34/4 + (-2)/(-4).
7
Let s(v) = v + 34. Calculate the remainder when 59 is divided by s(-14).
19
Suppose -6*n + 377 = -5*n - p, -3*p = -4*n + 1509. Calculate the remainder when n is divided by 19.
17
What is the remainder when 6/(-4)*2*(-21 + -13) is divided by 13?
11
What is the remainder when 252 is divided by (4 - (-153)/(-36)) + 186/8?
22
Suppose -2*f - 20 = 6. Let b(d) = -d - 9. Let y be b(f). Calculate the remainder when 62 is divided by (-3)/y + (-335)/(-20).
14
Suppose 4*d + 6*a = a + 309, 0 = -3*d - 3*a + 231. Let i = 82 - d. Calculate the remainder when 18 is divided by i.
0
Let j = 77 - 48. Let p = j - 27. Suppose -5*y + p*r + 41 = 0, -4*y = 3*r - 30 - 12. Calculate the remainder when 26 is divided by y.
8
Let n(s) = 5*s**3 + 2*s**2 + 2*s - 4. Let y be n(2). Suppose 4*f + y = 3*u, -3*f + 11 = 3*u - 16. What is the remainder when 82 is divided by u?
10
Suppose -37*q + 23*q + 3052 = 0. Calculate the remainder when q is divided by 23.
11
Let v(w) = 59*w - 685. What is the remainder when v(18) is divided by 54?
53
Let j = -7 + 1. Let b(m) = -8*m + 15 - 16 + 0*m. What is the remainder when b(j) is divided by 16?
15
Let t(a) = 8*a + 19. Let j be t(9). Suppose 3*s = 137 + j. What is the remainder when s is divided by 13?
11
What is the remainder when (-1978)/(-23)*(-1)/(-2) is divided by 4?
3
Suppose i - 15 = -2*u + 4*i, 4*i = 5*u - 48. Suppose -2*h - 5*r + r - u = 0, 0 = -5*h - 5*r - 10. Calculate the remainder when h is divided by 2.
0
Let v = -570 - -582. What is the remainder when 49 is divided by v?
1
Let d(g) = 15*g - 2. Suppose 3*o - 36 = o - 4*c, -2*c + 98 = 5*o. Suppose o = -4*z + 5*z. What is the remainder when d(4) is divided by z?
18
Let f = 2 + 6. Suppose -4*d - 40 = -f. Calculate the remainder when 2/(d/12) + 8 is divided by 4.
1
Let r be ((1 + -1)/3)/1. Let q be -2*(r + (-9)/6). Calculate the remainder when 7 is divided by 0 + ((-12)/(-2))/q.
1
Let p(n) = -4*n**3 + n**2 + 5*n. What is the remainder when 101 is divided by p(-2)?
23
Suppose 3*w = 4*w - 84. Let k = -722 + 744. What is the remainder when w is divided by k?
18
Suppose -2*n + 60 = 18. Calculate the remainder when 145 is divided by n.
19
Let q be 24/14 - 11/(462/(-12)). Let p(k) = 3*k**2 - 3*k + 2. What is the remainder when p(q) is divided by 4?
0
Suppose 49 = t + 12*j - 7*j, 147 = 3*t + 5*j. Calculate the remainder when 134 is divided by t.
36
Suppose -680*a = -675*a - 250. What is the remainder when 1148 is divided by a?
48
Suppose 0*s = 6*s - 12. Suppose 5*q = 8 + s. Suppose -q*o = 5*x - 148, -3*o = -o - 2*x - 134. What is the remainder when o is divided by 24?
21
Let m be 2/11 - (-106)/22. Suppose 426 - 37 = 5*x - 4*j, 4*x + m*j - 303 = 0. Calculate the remainder when x is divided by 13.
12
Let p(c) = -c**2 + 11*c + 50. Calculate the remainder when p(12) is divided by 11.
5
Let c be (-5)/(-4) - (-30)/40. What is the remainder when 114 is divided by (-556)/(-24) + c/(-12)?
22
Let b(z) = z**3 - 10*z**2 - 7*z + 1. Calculate the remainder when b(11) is divided by 18.
9
Let n = 220 + -133. Suppose 0*d - n = -3*d. Let v(x) = x**2 + 6*x + 20. What is the remainder when d is divided by v(-5)?
14
Let d be 6/18 - (-40)/6. Let l = 10 + d. Let r = 42 - -5. Calculate the remainder when r is divided by l.
13
Let i = -74 + 248. Calculate the remainder when i is divided by 45.
39
Suppose 17*c + 25 = 4*g + 14*c, 0 = 4*g - 2*c - 22. Let o = 156 + -91. Suppose g*y = -y + o. What is the remainder when y is divided by 5?
3
Let n(a) = 40*a + 9. What is the remainder when n(1) is divided by 5?
4
Suppose 0*k = 2*k + 10, 5*k - 62 = -3*v. Calculate the remainder when 10/8*(-460)/(-5) is divided by v.
28
Suppose 0 = -b + 3*b - 8. Suppose -2*w = 2*w + b. Calculate the remainder when (9 - 8)*(12 - w) is divided by 7.
6
Suppose n = -4*n + 15. Let x = 15 - n. Calculate the remainder when x is divided by ((-14)/(-3))/((-2)/(-3)).
5
Let w(u) be the third derivative of u**4/24 - 3*u**2. Let v be w(3). Suppose -x + 80 = v*x. Calculate the remainder when x is divided by 7.
6
Let y(l) = -l**3 + 12*l - 25. What is the remainder when y(-6) is divided by 20?
19
Suppose 0 = -p - 0*p + 39. Suppose -200 = 5*d - l - 64, d - 2*l = -20. What is the remainder when p is divided by d/(-4)*(5 - (-2 - -5))?
11
Let t(y) = -25*y - 141. Calculate the remainder when t(-10) is divided by 9.
1
Let h be (-5)/(-6)*18*(-7)/(-21). Suppose -6*a = -h*a - 125. What is the remainder when a is divided by 43?
39
Let d(h) = 2*h - 3. Let v be d(8). Let q = v - -2. Calculate the remainder when 104 is divided by q.
14
Let i(z) = -35*z - 1144. What is the remainder when (-2 - -1)/((-2)/96) is divided by i(-33)?
4
Let x(g) = 59 - 13*g + 16*g - 1. Calculate the remainder when 48 is divided by x(-16).
8
Suppose -16*l + 13355 = -16725. What is the remainder when l is divided by 33?
32
Suppose 0*a - 5*a + 485 = 0. Calculate the remainder when a is divided by ((-8)/16)/((-2)/100).
22
Let b(k) = 2*k**2 + 2*k + 1. Let g be b(-1). Let a be g - (10/2 + -2). Calculate the remainder when ((-22)/6)/(a/24) is divided by 15.
14
Let i(a) = a**3 - 2*a**2 + a + 3. What is the remainder when 192 is divided by i(3)?
12
Suppose -54*h = -31*h - 4416. What is the remainder when h is divided by 9?
3
Let a(x) = 7*x**2 + 4*x - 1. Let z(w) = w**2 + w - 1. Let t(p) = a(p) - 6*z(p). Let g(i) = i**2 - 4*i - 9. What is the remainder when g(8) is divided by t(4)?
10
Let y = 20 + -18. Suppose -s + y*j + 32 = 3*j, -12 = -s + 4*j. Calculate the remainder when 82 is divided by s.
26
Calculate the remainder when 353 + (1 - 8/1) is divided by 44.
38
Let j = -1133 - -1641. Calculate the remainder when j is divided by 17.
15
Suppose 2*d - 4 = -f, -3*f + 4*d = -0*f - 12. Let v(s) = -s**3 + 5*s**2 - 3*s + 6. Calculate the remainder when 19 is divided by v(f).
9
Let y(w) = 20*w**2 + 2*w - 1. Suppose -167 = 5*m + 8. Let t = m + 75. Calculate the remainder when t is divided by y(1).
19
What is the remainder when (-7020)/(-81) - (-2)/(-3) is divided by 22?
20
Let r be 247 + (3 - 1) - -4. Let q = r - -61. Let f = -197 + q. What is the remainder when f is divided by 30?
27
Suppose 2*h - 2*t = 234, 4*h - 3*t = 2*t + 472. Let k(f) = 4*f + 2 + 3 - f + 0. Calculate the remainder when h is divided by k(8).
26
Let t(s) = 2*s - 11. Let w be t(4). Let a(g) = -30*g - 4. Calculate the remainder when a(w) is divided by 29.
28
Let i(n) = n**2 - 4*n - 9. Let z be i(6). Suppose -31 + 7 = -